0. Give z(3).
8
Let p(o) = -o**3 + 6*o**2 + 7*o - 11. Determine p(6).
31
Let t(a) = 4*a - 56. What is t(14)?
0
Let u(h) = -h**2 + 27. Calculate u(0).
27
Let g(s) = s**2 + 7*s - 22. Give g(-9).
-4
Let d(j) = 2*j**2 + 19*j + 53. Give d(-4).
9
Let b(y) = 2*y + 14. Calculate b(-25).
-36
Let l(x) = -5*x + 19. Determine l(4).
-1
Let k(s) = -15*s - 307. Calculate k(-19).
-22
Let z(f) = -f**2 - 7. What is z(6)?
-43
Let w(o) = -o**3 - 12*o**2 + 17*o + 15. Determine w(-13).
-37
Let d(p) = 9*p - 60. What is d(6)?
-6
Let i(g) = -g**2 + 7*g + 11. What is i(10)?
-19
Let d(c) = 87*c + 433. Calculate d(-5).
-2
Let i(d) = -27*d - 109. Determine i(-4).
-1
Let k(z) = z**2 - 10*z + 4. Give k(9).
-5
Let z(r) = -r**3 - 34*r**2 + 33*r - 78. Give z(-35).
-8
Let g(x) = -4*x + 36. Calculate g(12).
-12
Let l(z) = z**3 - 19*z**2 + 16*z + 33. Determine l(18).
-3
Let i(o) = -o**2 - 14*o - 29. What is i(-11)?
4
Let w(g) = -g**2 + 5*g + 11. Determine w(9).
-25
Let q(p) = 26*p - 2. What is q(-3)?
-80
Let r(q) = 56*q - 269. Give r(5).
11
Let c(h) = h**3 + 7*h**2 + 2*h + 2. Give c(-7).
-12
Let z(o) = -o - 3. Give z(-1).
-2
Let v(b) = -3*b - 63. Determine v(-24).
9
Let y(c) = c**3 + 2*c**2 + c - 5. Give y(-3).
-17
Let j(h) = 7*h. What is j(2)?
14
Let z(s) = -6*s + 20. What is z(-14)?
104
Let v(z) = -z**3 + 7*z**2 - 12. Calculate v(4).
36
Let i(u) = u**2 + 16*u + 22. Calculate i(-15).
7
Let p(g) = g**2 + 21*g + 5. What is p(-21)?
5
Let u(q) = -q**2 - 7*q - 26. Determine u(-5).
-16
Let l(q) = -2*q**3 - 22*q**2 - q + 10. Calculate l(-11).
21
Let i(p) = -p**3 + 12*p**2 + 13*p + 15. Determine i(13).
15
Let s(t) = t**3 - 14*t**2 + 14*t + 8. Give s(13).
21
Let j(w) = w**2 + 1. Give j(-2).
5
Let l(o) = o**2 - 12*o - 18. What is l(12)?
-18
Let j(f) = -11*f + 5. Determine j(2).
-17
Let k(l) = l**2 - 11*l + 5. What is k(8)?
-19
Let f(l) = -l**3 - 12*l**2 - 11*l - 3. Calculate f(-11).
-3
Let r(j) = 2*j + 40. Give r(-14).
12
Let k(d) = -28*d - 1. Determine k(-1).
27
Let j(p) = -2*p - 18. Calculate j(-10).
2
Let v(b) = 2*b - 2. What is v(3)?
4
Let k(i) = -2*i + 2. Calculate k(-4).
10
Let g(a) = -a**2 + 18*a + 26. Determine g(19).
7
Let t(b) = b**3 + 20*b**2 + 3*b + 49. What is t(-20)?
-11
Let v(j) = j**2 - 21*j - 25. Calculate v(22).
-3
Let g(u) = 2*u + 31. Give g(-8).
15
Let y(o) = 32*o - 184. Calculate y(6).
8
Let c(t) = -t**3 + t**2 - 3*t - 26. What is c(0)?
-26
Let y(w) = -w**3 + 10*w**2 - 6*w - 27. Give y(9).
0
Let g(i) = 48*i**3 + i**2 - i - 3. Give g(-1).
-49
Let d(s) = -s**3 - 6*s**2 - s. What is d(-6)?
6
Let g(a) = 4*a - 6. Calculate g(-17).
-74
Let y(p) = -37*p**3 + p**2 - 2*p - 2. Give y(-1).
38
Let z(t) = -85*t - 778. Calculate z(-9).
-13
Let u(p) = 5*p**2 - p - 4. Calculate u(3).
38
Let v(k) = -2*k**2 + 52*k - 139. Determine v(23).
-1
Let h(w) = -w**2 - 7*w - 1. What is h(-7)?
-1
Let p(i) = -i**3 - 6*i**2 + 5*i + 2. Give p(-7).
16
Let h(r) = -r**2 - 6*r + 7. Determine h(3).
-20
Let l(v) = 6*v - 7. What is l(3)?
11
Let k(z) = 16*z**2 + 3*z - 2. Calculate k(1).
17
Let o(q) = 28*q - 170. Give o(5).
-30
Let y(k) = k**3 + 7*k**2 - 5*k + 30. Calculate y(-8).
6
Let t(v) = 26*v - 574. Give t(22).
-2
Let i(y) = -y**2 + 11*y + 28. Give i(13).
2
Let l(j) = -j**2 - 9*j + 27. Calculate l(-11).
5
Let d(k) = 7*k**2 - 38*k + 20. Determine d(5).
5
Let o(n) = n**3 - 6*n**2 + 2*n + 2. Determine o(6).
14
Let k(l) = 2*l**3 - 14*l**2 - 17*l + 2. Give k(8).
-6
Let n(y) = -y**2 + 10*y + 8. Determine n(12).
-16
Let j(i) = -15*i + 684. Calculate j(45).
9
Let r(h) = -11*h - 2. Calculate r(-1).
9
Let b(x) = -x**2 + 18*x + 48. What is b(22)?
-40
Let j(h) = -3*h + 7. Calculate j(12).
-29
Let y(d) = -3*d - 2. Determine y(3).
-11
Let s(v) = v**2 - 4*v + 9. Determine s(4).
9
Let i(t) = t**3 - 7*t + 13. Give i(3).
19
Let l(x) = -6*x - 3. What is l(-7)?
39
Let k(y) = -4*y**3 + 4*y**2 - 7*y + 7. Determine k(2).
-23
Let r(n) = 2*n**3 - 17*n**2 - 12*n + 9. What is r(9)?
-18
Let p(f) = f**3 - 43*f**2 - 92*f + 87. Calculate p(45).
-3
Let f(u) = u - 7. Calculate f(19).
12
Let h(f) = -f**3 + 3*f**2 + f + 9. Determine h(4).
-3
Let l(t) = -t**2 - 40*t - 319. Determine l(-11).
0
Let c(b) = 11*b + 26. Calculate c(-7).
-51
Let u(b) = 2*b**2 - 25*b - 165. Give u(-5).
10
Let t(m) = -5*m - 20. What is t(-3)?
-5
Let d(g) = -3*g**2 - 1. What is d(-2)?
-13
Let k(q) = -4*q**3 - 3*q**2 - 3*q - 1. Determine k(-2).
25
Let i(g) = -6*g - 3. Calculate i(2).
-15
Let c(f) = -f**2 + 2*f + 8. What is c(4)?
0
Let r(f) = 8*f - 97. Give r(11).
-9
Let j(h) = h**2 + 6*h - 3. What is j(-7)?
4
Let u(i) = 18*i + 1. What is u(3)?
55
Let p(m) = 4*m + 23. What is p(-6)?
-1
Let c(d) = -d**2 + 13*d - 30. What is c(10)?
0
Let u(d) = -8*d - 28. Determine u(-4).
4
Let l(w) = -w**2 + 2*w + 3. Determine l(4).
-5
Let i(o) = 12*o + 268. Determine i(-22).
4
Let n(i) = -i**2 + i + 13. What is n(0)?
13
Let f(y) = -y**3 - 8*y**2 + 5*y - 39. Give f(-9).
-3
Let v(r) = 2*r**2 - 52*r + 124. What is v(23)?
-14
Let j(g) = -g**3 + 4*g**2 + 1. What is j(3)?
10
Let d(r) = r**3 - 6*r**2 + 6*r - 14. What is d(4)?
-22
Let u(y) = -y**3 - 13*y**2 + 4*y + 48. Calculate u(-13).
-4
Let h(q) = 11*q + 57. Determine h(-6).
-9
Let a(u) = -u**3 - 3*u**2 - u + 2. Calculate a(-3).
5
Let w(f) = -4*f - 4. What is w(16)?
-68
Let i(g) = -6*g**2 + 1. Determine i(-1).
-5
Let u(d) = -d**3 + 9*d**2 - 10*d - 22. What is u(7)?
6
Let o(i) = -i**2 + 18*i - 1. What is o(22)?
-89
Let k(i) = 16*i - 3. Give k(4).
61
Let k(u) = -u**3 - 15*u**2 + 18*u + 25. Calculate k(-16).
-7
Let t(f) = f + 19. Give t(-9).
10
Let x(m) = m**3 + 5*m**2 + 2*m - 2. Give x(-2).
6
Let m(n) = -4*n**2 + 35*n - 45. What is m(7)?
4
Let z(c) = -c**3 - c**2 + 15*c - 3. What is z(-5)?
22
Let f(k) = 2*k**2 + 20*k - 8. What is f(-9)?
-26
Let j(z) = -2*z**3 + z**2 + 2*z - 2. Calculate j(2).
-10
Let p(o) = -o**2 + 15*o + 2. What is p(8)?
58
Let u(c) = c**3 + 50*c**2 - 52*c - 62. Determine u(-51).
-11
Let z(b) = -31*b - 14. What is z(-2)?
48
Let h(i) = i**3 - i**2 - i + 15. What is h(0)?
15
Let w(d) = -d**3 + 5*d**2 + 17*d - 6. Give w(7).
15
Let b(g) = -g + 3. Determine b(6).
-3
Let b(f) = 6*f + 173. Give b(-26).
17
Let s(v) = -8*v + 74. Give s(10).
-6
Let i(k) = k**2 + 14*k - 32. Give i(2).
0
Let z(x) = -x + 42. What is z(40)?
2
Let j(l) = -l**2 + 2*l + 102. What is j(0)?
102
Let h(p) = -2*p**2 - 58*p + 79. What is h(-30)?
19
Let l(k) = k**3 + k**2 - 88*k - 14. Give l(9).
4
Let x(y) = 2*y**3 - 3*y**2 - 6*y + 9. Calculate x(3).
18
Let n(s) = s**3 + 30*s**2 + 28*s - 35. What is n(-29)?
-6
Let u(a) = 10*a - 70. Calculate u(11).
40
Let p(b) = -3*b**3 - 5*b**2 - 3*b + 1. Determine p(-3).
46
Let a(p) = 3*p - 20. Calculate a(4).
-8
Let c(m) = -m**2 + 8*m - 10. Determine c(10).
-30
Let l(o) = -o. What is l(-8)?
8
Let f(m) = -m**3 - 3*m**2 + 7*m + 3. Calculate f(-4).
-9
Let v(z) = z**3 + z**2 - z + 9. Calculate v(0).
9
Let y(w) = w**2 + 10*w + 8. Determine y(-6).
-16
Let a(q) = -4*q + 1. What is a(-1)?
5
Let n(v) = v + 9. Calculate n(-13).
-4
Let i(o) = o**3 + 6*o**2 + o + 3. Calculate i(-3).
27
Let h(x) = x**3 - 10*x**2 + 9*x + 50. Give h(8).
-6
Let l(z) = -2*z**3 - 6*z**2 - 2*z - 15. Give l(-5).
95
Let m(o) = -2*o**2 - 22*o + 161. What is m(5)?
1
Let t(v) = 2*v**2 + 6*v + 14. Determine t(-6).
50
Let v(c) = c**3 + 28*c**2 + 28*c - 1. Calculate v(-27).
-28
Let d(a) = a**3 + 3*a**2 - 3*a + 2. Calculate d(-6).
-88
Let z(q) = -q + 29. Give z(21).
8
Let s(u) = -u**2 + 24*u + 141. What is s(-5)?
-4
Let b(u) = -u**3 - 5*u**2 + 3*u + 7. Determine b(-5).
-8
Let r(k) = k**3 - 5*k**2 - 5*k + 25. Determine r(5).
0
Let f(v) = -v**3 - v**2 - 4*v - 5. What is f(-2)?
7
Let r(d) = -d**2 + 12*d + 4. What is r(12)?
4
Let r(l) = l**3 - 7*l**2 + 5*l + 6. Calculate r(6).
0
Let j(q) = 9*q - 15. Determine j(2).
3
Let l(s) = 6*s - 167. Calculate l(29).
7
Let z(j) = -j**2 - 10*j - 18. Give z(-6).
6
Let a(y) = -y**3 + 4*y**2 - 4*y + 6. Calculate a(3).
3
Let s(h) = 10*h**3 - 2*h**2 + 3*h - 4. Determine s(2).
74
Let f(c) = 4*c - 26. Calculate f(7).
2
Let h(d) = d - 27. Calculate h(-12).
-39
Let p(z) = 3*z + 35. Give p(-6).
17
Let p(s) = 4*s + 3. Give p(3).
15
Let g(p) = -6*p + 2. Determine g(-7).
44
Let w(t) = -t**3 + 14*t**2 - t + 13. What is w(14)?
-1
Let n(r) = 2*r**2 + 13*r - 4. Determine n(-6).
-10
Let m(s) = -s**2 + s. Give m(5).
-20
Let m(k) = -k**3 + 4*k**2 - 5*